CRAN Package Check Results for Package lsa

Last updated on 2024-12-19 23:50:37 CET.

Flavor Version Tinstall Tcheck Ttotal Status Flags
r-devel-linux-x86_64-debian-clang 0.73.3 2.73 30.87 33.60 NOTE
r-devel-linux-x86_64-debian-gcc 0.73.3 2.27 26.24 28.51 NOTE
r-devel-linux-x86_64-fedora-clang 0.73.3 54.14 NOTE
r-devel-linux-x86_64-fedora-gcc 0.73.3 50.64 NOTE
r-devel-windows-x86_64 0.73.3 5.00 83.00 88.00 NOTE
r-patched-linux-x86_64 0.73.3 2.62 30.06 32.68 NOTE
r-release-linux-x86_64 0.73.3 2.56 29.96 32.52 NOTE
r-release-macos-arm64 0.73.3 22.00 NOTE
r-release-macos-x86_64 0.73.3 28.00 NOTE
r-release-windows-x86_64 0.73.3 5.00 62.00 67.00 NOTE
r-oldrel-macos-arm64 0.73.3 28.00 NOTE
r-oldrel-macos-x86_64 0.73.3 32.00 NOTE
r-oldrel-windows-x86_64 0.73.3 4.00 67.00 71.00 NOTE

Check Details

Version: 0.73.3
Check: Rd files
Result: NOTE checkRd: (-1) specialchars.Rd:6: Escaped LaTeX specials: \& Flavors: r-devel-linux-x86_64-debian-clang, r-devel-linux-x86_64-debian-gcc, r-devel-linux-x86_64-fedora-clang, r-devel-linux-x86_64-fedora-gcc, r-devel-windows-x86_64, r-patched-linux-x86_64, r-release-linux-x86_64, r-release-macos-arm64, r-release-macos-x86_64, r-release-windows-x86_64, r-oldrel-macos-arm64, r-oldrel-macos-x86_64, r-oldrel-windows-x86_64