CRAN Package Check Results for Package lsmeans

Last updated on 2024-12-19 23:50:37 CET.

Flavor Version Tinstall Tcheck Ttotal Status Flags
r-devel-linux-x86_64-debian-clang 2.30-0 1.99 54.08 56.07 NOTE
r-devel-linux-x86_64-debian-gcc 2.30-0 1.46 41.31 42.77 NOTE
r-devel-linux-x86_64-fedora-clang 2.30-0 95.47 OK
r-devel-linux-x86_64-fedora-gcc 2.30-0 92.81 OK
r-devel-windows-x86_64 2.30-0 6.00 114.00 120.00 NOTE
r-patched-linux-x86_64 2.30-0 2.95 51.71 54.66 OK
r-release-linux-x86_64 2.30-0 1.77 50.79 52.56 OK
r-release-macos-arm64 2.30-0 34.00 OK
r-release-macos-x86_64 2.30-0 45.00 OK
r-release-windows-x86_64 2.30-0 4.00 81.00 85.00 OK
r-oldrel-macos-arm64 2.30-0 37.00 OK
r-oldrel-macos-x86_64 2.30-0 54.00 OK
r-oldrel-windows-x86_64 2.30-0 7.00 81.00 88.00 OK

Check Details

Version: 2.30-0
Check: Rd cross-references
Result: NOTE Found the following Rd file(s) with Rd \link{} targets missing package anchors: ref.grid-class.Rd: emmGrid-class ref.grid.Rd: ref_grid, recover_data, emm_basis Please provide package anchors for all Rd \link{} targets not in the package itself and the base packages. Flavors: r-devel-linux-x86_64-debian-clang, r-devel-linux-x86_64-debian-gcc, r-devel-windows-x86_64