CRAN Package Check Results for Package lss2

Last updated on 2024-12-19 23:50:37 CET.

Flavor Version Tinstall Tcheck Ttotal Status Flags
r-devel-linux-x86_64-debian-clang 1.1 6.80 63.38 70.18 OK
r-devel-linux-x86_64-debian-gcc 1.1 5.27 48.77 54.04 OK
r-devel-linux-x86_64-fedora-clang 1.1 111.98 OK
r-devel-linux-x86_64-fedora-gcc 1.1 105.11 OK
r-devel-windows-x86_64 1.1 8.00 105.00 113.00 OK
r-patched-linux-x86_64 1.1 6.53 60.42 66.95 NOTE
r-release-linux-x86_64 1.1 7.04 58.72 65.76 NOTE
r-release-macos-arm64 1.1 34.00 NOTE
r-release-macos-x86_64 1.1 57.00 NOTE
r-release-windows-x86_64 1.1 9.00 93.00 102.00 NOTE
r-oldrel-macos-arm64 1.1 39.00 NOTE
r-oldrel-macos-x86_64 1.1 63.00 NOTE
r-oldrel-windows-x86_64 1.1 10.00 92.00 102.00 NOTE

Check Details

Version: 1.1
Check: LazyData
Result: NOTE 'LazyData' is specified without a 'data' directory Flavors: r-patched-linux-x86_64, r-release-linux-x86_64, r-release-macos-arm64, r-release-macos-x86_64, r-release-windows-x86_64, r-oldrel-macos-arm64, r-oldrel-macos-x86_64, r-oldrel-windows-x86_64