Last updated on 2024-12-19 23:50:37 CET.
Flavor | Version | Tinstall | Tcheck | Ttotal | Status | Flags |
---|---|---|---|---|---|---|
r-devel-linux-x86_64-debian-clang | 0.1.0 | 62.58 | 134.65 | 197.23 | NOTE | |
r-devel-linux-x86_64-debian-gcc | 0.1.0 | 43.39 | 94.69 | 138.08 | NOTE | |
r-devel-linux-x86_64-fedora-clang | 0.1.0 | 343.76 | NOTE | |||
r-devel-linux-x86_64-fedora-gcc | 0.1.0 | 350.11 | NOTE | |||
r-devel-windows-x86_64 | 0.1.0 | 60.00 | 230.00 | 290.00 | NOTE | |
r-patched-linux-x86_64 | 0.1.0 | 55.53 | 129.14 | 184.67 | NOTE | |
r-release-linux-x86_64 | 0.1.0 | 62.16 | 115.04 | 177.20 | NOTE | |
r-release-macos-arm64 | 0.1.0 | 104.00 | NOTE | |||
r-release-macos-x86_64 | 0.1.0 | 141.00 | NOTE | |||
r-release-windows-x86_64 | 0.1.0 | 61.00 | 187.00 | 248.00 | NOTE | |
r-oldrel-macos-arm64 | 0.1.0 | 113.00 | NOTE | |||
r-oldrel-macos-x86_64 | 0.1.0 | 189.00 | NOTE | |||
r-oldrel-windows-x86_64 | 0.1.0 | 72.00 | 216.00 | 288.00 | NOTE |
Version: 0.1.0
Check: C++ specification
Result: NOTE
Specified C++11: please drop specification unless essential
Flavors: r-devel-linux-x86_64-debian-clang, r-devel-linux-x86_64-debian-gcc, r-devel-linux-x86_64-fedora-clang, r-devel-linux-x86_64-fedora-gcc, r-devel-windows-x86_64, r-patched-linux-x86_64, r-release-linux-x86_64, r-release-macos-arm64, r-release-macos-x86_64, r-release-windows-x86_64, r-oldrel-macos-arm64, r-oldrel-macos-x86_64, r-oldrel-windows-x86_64