CRAN Package Check Results for Package luca

Last updated on 2024-12-19 23:50:37 CET.

Flavor Version Tinstall Tcheck Ttotal Status Flags
r-devel-linux-x86_64-debian-clang 1.0-6 5.37 53.02 58.39 NOTE
r-devel-linux-x86_64-debian-gcc 1.0-6 4.68 41.01 45.69 NOTE
r-devel-linux-x86_64-fedora-clang 1.0-6 93.22 OK
r-devel-linux-x86_64-fedora-gcc 1.0-6 90.14 OK
r-devel-windows-x86_64 1.0-6 7.00 104.00 111.00 NOTE
r-patched-linux-x86_64 1.0-6 6.52 50.88 57.40 OK
r-release-linux-x86_64 1.0-6 6.10 49.82 55.92 OK
r-release-macos-arm64 1.0-6 32.00 OK
r-release-macos-x86_64 1.0-6 45.00 OK
r-release-windows-x86_64 1.0-6 7.00 82.00 89.00 OK
r-oldrel-macos-arm64 1.0-6 36.00 OK
r-oldrel-macos-x86_64 1.0-6 53.00 OK
r-oldrel-windows-x86_64 1.0-6 9.00 87.00 96.00 OK

Check Details

Version: 1.0-6
Check: Rd cross-references
Result: NOTE Found the following Rd file(s) with Rd \link{} targets missing package anchors: luca.Rd: coxph, clogit Please provide package anchors for all Rd \link{} targets not in the package itself and the base packages. Flavors: r-devel-linux-x86_64-debian-clang, r-devel-linux-x86_64-debian-gcc, r-devel-windows-x86_64