CRAN Package Check Results for Package mMARCH.AC

Last updated on 2024-12-19 23:50:38 CET.

Flavor Version Tinstall Tcheck Ttotal Status Flags
r-devel-linux-x86_64-debian-clang 2.9.4.0 22.24 171.99 194.23 OK
r-devel-linux-x86_64-debian-gcc 2.9.4.0 18.69 128.08 146.77 OK
r-devel-linux-x86_64-fedora-clang 2.9.4.0 316.37 NOTE
r-devel-linux-x86_64-fedora-gcc 2.9.4.0 317.98 NOTE
r-devel-windows-x86_64 2.9.4.0 23.00 190.00 213.00 OK
r-patched-linux-x86_64 2.9.4.0 20.71 165.64 186.35 OK
r-release-linux-x86_64 2.9.4.0 22.07 156.42 178.49 OK
r-release-macos-arm64 2.9.4.0 97.00 OK
r-release-macos-x86_64 2.9.4.0 215.00 OK
r-release-windows-x86_64 2.9.4.0 23.00 162.00 185.00 OK
r-oldrel-macos-arm64 2.9.4.0 168.00 OK
r-oldrel-macos-x86_64 2.9.4.0 195.00 OK
r-oldrel-windows-x86_64 2.9.4.0 31.00 188.00 219.00 OK

Check Details

Version: 2.9.4.0
Check: dependencies in R code
Result: NOTE Namespaces in Imports field not imported from: ‘ActCR’ ‘ActFrag’ ‘tidyr’ All declared Imports should be used. Flavors: r-devel-linux-x86_64-fedora-clang, r-devel-linux-x86_64-fedora-gcc