Last updated on 2024-12-19 23:50:37 CET.
Flavor | Version | Tinstall | Tcheck | Ttotal | Status | Flags |
---|---|---|---|---|---|---|
r-devel-linux-x86_64-debian-clang | 1.2.2 | 17.66 | 144.15 | 161.81 | OK | |
r-devel-linux-x86_64-debian-gcc | 1.2.2 | 11.85 | 102.75 | 114.60 | OK | |
r-devel-linux-x86_64-fedora-clang | 1.2.2 | 260.42 | OK | |||
r-devel-linux-x86_64-fedora-gcc | 1.2.2 | 257.46 | OK | |||
r-devel-windows-x86_64 | 1.2.2 | 18.00 | 155.00 | 173.00 | OK | |
r-patched-linux-x86_64 | 1.2.2 | 17.83 | 137.98 | 155.81 | NOTE | |
r-release-linux-x86_64 | 1.2.2 | 17.06 | 136.24 | 153.30 | NOTE | |
r-release-macos-arm64 | 1.2.2 | 86.00 | NOTE | |||
r-release-macos-x86_64 | 1.2.2 | 214.00 | NOTE | |||
r-release-windows-x86_64 | 1.2.2 | 22.00 | 152.00 | 174.00 | OK | |
r-oldrel-macos-arm64 | 1.2.2 | 129.00 | NOTE | |||
r-oldrel-macos-x86_64 | 1.2.2 | 191.00 | NOTE | |||
r-oldrel-windows-x86_64 | 1.2.2 | 25.00 | 190.00 | 215.00 | NOTE |
Version: 1.2.2
Check: package dependencies
Result: NOTE
Package suggested but not available for checking: ‘INLA’
Flavors: r-patched-linux-x86_64, r-release-linux-x86_64, r-release-macos-arm64, r-release-macos-x86_64, r-oldrel-macos-arm64, r-oldrel-macos-x86_64, r-oldrel-windows-x86_64
Version: 1.2.2
Check: Rd cross-references
Result: NOTE
Package unavailable to check Rd xrefs: ‘INLA’
Flavors: r-patched-linux-x86_64, r-release-linux-x86_64, r-release-macos-arm64, r-release-macos-x86_64, r-oldrel-macos-arm64, r-oldrel-macos-x86_64, r-oldrel-windows-x86_64