Last updated on 2024-12-19 23:50:37 CET.
Flavor | Version | Tinstall | Tcheck | Ttotal | Status | Flags |
---|---|---|---|---|---|---|
r-devel-linux-x86_64-debian-clang | 0.2.0 | 2.22 | 22.69 | 24.91 | OK | |
r-devel-linux-x86_64-debian-gcc | 0.2.0 | 1.81 | 17.93 | 19.74 | OK | |
r-devel-linux-x86_64-fedora-clang | 0.2.0 | 40.63 | OK | |||
r-devel-linux-x86_64-fedora-gcc | 0.2.0 | 39.67 | OK | |||
r-devel-windows-x86_64 | 0.2.0 | 5.00 | 58.00 | 63.00 | OK | |
r-patched-linux-x86_64 | 0.2.0 | 2.28 | 22.17 | 24.45 | NOTE | |
r-release-linux-x86_64 | 0.2.0 | 2.27 | 22.23 | 24.50 | NOTE | |
r-release-macos-arm64 | 0.2.0 | 19.00 | NOTE | |||
r-release-macos-x86_64 | 0.2.0 | 27.00 | NOTE | |||
r-release-windows-x86_64 | 0.2.0 | 6.00 | 62.00 | 68.00 | NOTE | |
r-oldrel-macos-arm64 | 0.2.0 | 21.00 | NOTE | |||
r-oldrel-macos-x86_64 | 0.2.0 | 27.00 | NOTE | |||
r-oldrel-windows-x86_64 | 0.2.0 | 6.00 | 56.00 | 62.00 | NOTE |
Version: 0.2.0
Check: LazyData
Result: NOTE
'LazyData' is specified without a 'data' directory
Flavors: r-patched-linux-x86_64, r-release-linux-x86_64, r-release-macos-arm64, r-release-macos-x86_64, r-release-windows-x86_64, r-oldrel-macos-arm64, r-oldrel-macos-x86_64, r-oldrel-windows-x86_64