CRAN Package Check Results for Package mapfit

Last updated on 2024-12-19 23:50:37 CET.

Flavor Version Tinstall Tcheck Ttotal Status Flags
r-devel-linux-x86_64-debian-clang 1.0.0 64.56 85.58 150.14 OK
r-devel-linux-x86_64-debian-gcc 1.0.0 50.34 65.52 115.86 OK
r-devel-linux-x86_64-fedora-clang 1.0.0 254.51 OK
r-devel-linux-x86_64-fedora-gcc 1.0.0 276.37 OK
r-devel-windows-x86_64 1.0.0 67.00 131.00 198.00 OK
r-patched-linux-x86_64 1.0.0 70.48 80.72 151.20 OK
r-release-linux-x86_64 1.0.0 74.75 81.67 156.42 OK
r-release-macos-arm64 1.0.0 68.00 NOTE
r-release-macos-x86_64 1.0.0 92.00 NOTE
r-release-windows-x86_64 1.0.0 69.00 139.00 208.00 OK
r-oldrel-macos-arm64 1.0.0 80.00 NOTE
r-oldrel-macos-x86_64 1.0.0 141.00 NOTE
r-oldrel-windows-x86_64 1.0.0 61.00 153.00 214.00 OK

Check Details

Version: 1.0.0
Check: installed package size
Result: NOTE installed size is 5.8Mb sub-directories of 1Mb or more: libs 5.1Mb Flavors: r-release-macos-arm64, r-release-macos-x86_64, r-oldrel-macos-arm64, r-oldrel-macos-x86_64