CRAN Package Check Results for Package markerpen

Last updated on 2024-12-19 23:50:37 CET.

Flavor Version Tinstall Tcheck Ttotal Status Flags
r-devel-linux-x86_64-debian-clang 0.1.1 48.29 70.15 118.44 NOTE
r-devel-linux-x86_64-debian-gcc 0.1.1 38.97 64.19 103.16 NOTE
r-devel-linux-x86_64-fedora-clang 0.1.1 209.15 NOTE
r-devel-linux-x86_64-fedora-gcc 0.1.1 229.05 NOTE
r-devel-windows-x86_64 0.1.1 47.00 123.00 170.00 NOTE
r-patched-linux-x86_64 0.1.1 53.75 75.36 129.11 NOTE
r-release-linux-x86_64 0.1.1 51.74 75.51 127.25 NOTE
r-release-macos-arm64 0.1.1 66.00 NOTE
r-release-macos-x86_64 0.1.1 104.00 NOTE
r-release-windows-x86_64 0.1.1 50.00 114.00 164.00 NOTE
r-oldrel-macos-arm64 0.1.1 72.00 NOTE
r-oldrel-macos-x86_64 0.1.1 123.00 NOTE
r-oldrel-windows-x86_64 0.1.1 59.00 137.00 196.00 NOTE

Check Details

Version: 0.1.1
Check: C++ specification
Result: NOTE Specified C++11: please drop specification unless essential Flavors: r-devel-linux-x86_64-debian-clang, r-devel-linux-x86_64-debian-gcc, r-devel-linux-x86_64-fedora-clang, r-devel-linux-x86_64-fedora-gcc, r-devel-windows-x86_64, r-patched-linux-x86_64, r-release-linux-x86_64, r-release-macos-arm64, r-release-macos-x86_64, r-release-windows-x86_64, r-oldrel-macos-arm64, r-oldrel-macos-x86_64, r-oldrel-windows-x86_64

Version: 0.1.1
Check: installed package size
Result: NOTE installed size is 18.2Mb sub-directories of 1Mb or more: examples 2.7Mb libs 14.2Mb Flavors: r-release-macos-arm64, r-release-macos-x86_64, r-release-windows-x86_64, r-oldrel-macos-arm64, r-oldrel-macos-x86_64, r-oldrel-windows-x86_64