Last updated on 2024-12-19 23:50:37 CET.
Flavor | Version | Tinstall | Tcheck | Ttotal | Status | Flags |
---|---|---|---|---|---|---|
r-devel-linux-x86_64-debian-clang | 0.3 | 77.73 | 27.52 | 105.25 | OK | |
r-devel-linux-x86_64-debian-gcc | 0.3 | 68.87 | 28.11 | 96.98 | OK | |
r-devel-linux-x86_64-fedora-clang | 0.3 | 165.32 | OK | |||
r-devel-linux-x86_64-fedora-gcc | 0.3 | 225.64 | OK | |||
r-devel-windows-x86_64 | 0.3 | 75.00 | 75.00 | 150.00 | OK | |
r-patched-linux-x86_64 | 0.3 | 88.36 | 35.90 | 124.26 | OK | |
r-release-linux-x86_64 | 0.3 | 96.86 | 36.10 | 132.96 | OK | |
r-release-macos-arm64 | 0.3 | 53.00 | NOTE | |||
r-release-macos-x86_64 | 0.3 | 96.00 | NOTE | |||
r-release-windows-x86_64 | 0.3 | 73.00 | 81.00 | 154.00 | OK | |
r-oldrel-macos-arm64 | 0.3 | 56.00 | NOTE | |||
r-oldrel-macos-x86_64 | 0.3 | 131.00 | NOTE | |||
r-oldrel-windows-x86_64 | 0.3 | 94.00 | 83.00 | 177.00 | OK |
Version: 0.3
Check: installed package size
Result: NOTE
installed size is 49.1Mb
sub-directories of 1Mb or more:
libs 48.8Mb
Flavors: r-release-macos-arm64, r-release-macos-x86_64, r-oldrel-macos-arm64, r-oldrel-macos-x86_64