CRAN Package Check Results for Package matahari

Last updated on 2024-12-19 23:50:37 CET.

Flavor Version Tinstall Tcheck Ttotal Status Flags
r-devel-linux-x86_64-debian-clang 0.1.3 3.44 38.13 41.57 OK
r-devel-linux-x86_64-debian-gcc 0.1.3 2.49 28.89 31.38 OK
r-devel-linux-x86_64-fedora-clang 0.1.3 68.87 OK
r-devel-linux-x86_64-fedora-gcc 0.1.3 77.08 OK
r-devel-windows-x86_64 0.1.3 6.00 59.00 65.00 OK
r-patched-linux-x86_64 0.1.3 3.44 36.44 39.88 NOTE
r-release-linux-x86_64 0.1.3 3.57 36.00 39.57 NOTE
r-release-macos-arm64 0.1.3 29.00 NOTE
r-release-macos-x86_64 0.1.3 44.00 NOTE
r-release-windows-x86_64 0.1.3 6.00 58.00 64.00 NOTE
r-oldrel-macos-arm64 0.1.3 31.00 NOTE
r-oldrel-macos-x86_64 0.1.3 45.00 NOTE
r-oldrel-windows-x86_64 0.1.3 7.00 64.00 71.00 NOTE

Check Details

Version: 0.1.3
Check: LazyData
Result: NOTE 'LazyData' is specified without a 'data' directory Flavors: r-patched-linux-x86_64, r-release-linux-x86_64, r-release-macos-arm64, r-release-macos-x86_64, r-release-windows-x86_64, r-oldrel-macos-arm64, r-oldrel-macos-x86_64, r-oldrel-windows-x86_64