Last updated on 2024-12-19 23:50:37 CET.
Flavor | Version | Tinstall | Tcheck | Ttotal | Status | Flags |
---|---|---|---|---|---|---|
r-devel-linux-x86_64-debian-clang | 1.1.9 | 185.41 | 81.03 | 266.44 | OK | |
r-devel-linux-x86_64-debian-gcc | 1.1.9 | 132.95 | 55.51 | 188.46 | OK | |
r-devel-linux-x86_64-fedora-clang | 1.1.9 | 502.03 | OK | |||
r-devel-linux-x86_64-fedora-gcc | 1.1.9 | 537.93 | OK | |||
r-devel-windows-x86_64 | 1.1.9 | 184.00 | 170.00 | 354.00 | OK | |
r-patched-linux-x86_64 | 1.1.9 | 185.83 | 75.56 | 261.39 | OK | |
r-release-linux-x86_64 | 1.1.9 | 185.48 | 74.87 | 260.35 | OK | |
r-release-macos-arm64 | 1.1.9 | 97.00 | NOTE | |||
r-release-macos-x86_64 | 1.1.9 | 135.00 | NOTE | |||
r-release-windows-x86_64 | 1.1.9 | 186.00 | 159.00 | 345.00 | OK | |
r-oldrel-macos-arm64 | 1.1.9 | 107.00 | NOTE | |||
r-oldrel-macos-x86_64 | 1.1.9 | 140.00 | NOTE | |||
r-oldrel-windows-x86_64 | 1.1.9 | 217.00 | 193.00 | 410.00 | OK |
Version: 1.1.9
Check: installed package size
Result: NOTE
installed size is 14.1Mb
sub-directories of 1Mb or more:
libs 13.2Mb
Flavors: r-release-macos-arm64, r-release-macos-x86_64, r-oldrel-macos-arm64, r-oldrel-macos-x86_64