Last updated on 2024-12-19 23:50:37 CET.
Flavor | Version | Tinstall | Tcheck | Ttotal | Status | Flags |
---|---|---|---|---|---|---|
r-devel-linux-x86_64-debian-clang | 0.3.0 | 15.20 | 162.64 | 177.84 | NOTE | |
r-devel-linux-x86_64-debian-gcc | 0.3.0 | 11.11 | 110.40 | 121.51 | NOTE | |
r-devel-linux-x86_64-fedora-clang | 0.3.0 | 322.05 | OK | |||
r-devel-linux-x86_64-fedora-gcc | 0.3.0 | 308.89 | OK | |||
r-devel-windows-x86_64 | 0.3.0 | 20.00 | 177.00 | 197.00 | NOTE | |
r-patched-linux-x86_64 | 0.3.0 | 20.72 | 154.96 | 175.68 | OK | |
r-release-linux-x86_64 | 0.3.0 | 14.79 | 154.46 | 169.25 | OK | |
r-release-macos-arm64 | 0.3.0 | 78.00 | OK | |||
r-release-macos-x86_64 | 0.3.0 | 124.00 | OK | |||
r-release-windows-x86_64 | 0.3.0 | 20.00 | 170.00 | 190.00 | OK | |
r-oldrel-macos-arm64 | 0.3.0 | 85.00 | OK | |||
r-oldrel-macos-x86_64 | 0.3.0 | 197.00 | OK | |||
r-oldrel-windows-x86_64 | 0.3.0 | 23.00 | 224.00 | 247.00 | OK |
Version: 0.3.0
Check: Rd cross-references
Result: NOTE
Found the following Rd file(s) with Rd \link{} targets missing package
anchors:
loop.Rd: tibble
Please provide package anchors for all Rd \link{} targets not in the
package itself and the base packages.
Flavors: r-devel-linux-x86_64-debian-clang, r-devel-linux-x86_64-debian-gcc, r-devel-windows-x86_64