CRAN Package Check Results for Package mau

Last updated on 2024-12-19 23:50:37 CET.

Flavor Version Tinstall Tcheck Ttotal Status Flags
r-devel-linux-x86_64-debian-clang 0.1.2 6.00 56.53 62.53 NOTE
r-devel-linux-x86_64-debian-gcc 0.1.2 4.32 42.88 47.20 NOTE
r-devel-linux-x86_64-fedora-clang 0.1.2 101.22 NOTE
r-devel-linux-x86_64-fedora-gcc 0.1.2 109.61 NOTE
r-devel-windows-x86_64 0.1.2 8.00 81.00 89.00 OK
r-patched-linux-x86_64 0.1.2 5.33 54.35 59.68 NOTE
r-release-linux-x86_64 0.1.2 5.66 53.59 59.25 NOTE
r-release-macos-arm64 0.1.2 38.00 OK
r-release-macos-x86_64 0.1.2 61.00 OK
r-release-windows-x86_64 0.1.2 7.00 75.00 82.00 OK
r-oldrel-macos-arm64 0.1.2 40.00 OK
r-oldrel-macos-x86_64 0.1.2 54.00 OK
r-oldrel-windows-x86_64 0.1.2 9.00 87.00 96.00 OK

Check Details

Version: 0.1.2
Check: for non-standard things in the check directory
Result: NOTE Found the following files/directories: ‘utilities.R’ Flavors: r-devel-linux-x86_64-debian-clang, r-devel-linux-x86_64-debian-gcc, r-devel-linux-x86_64-fedora-clang, r-devel-linux-x86_64-fedora-gcc, r-patched-linux-x86_64, r-release-linux-x86_64