CRAN Package Check Results for Package mazeinda

Last updated on 2024-12-19 23:50:37 CET.

Flavor Version Tinstall Tcheck Ttotal Status Flags
r-devel-linux-x86_64-debian-clang 0.0.2 2.16 23.79 25.95 NOTE --no-vignettes
r-devel-linux-x86_64-debian-gcc 0.0.2 1.65 18.95 20.60 NOTE --no-vignettes
r-devel-linux-x86_64-fedora-clang 0.0.2 1100.04 NOTE
r-devel-linux-x86_64-fedora-gcc 0.0.2 1119.20 NOTE
r-devel-windows-x86_64 0.0.2 3.00 537.00 540.00 NOTE
r-patched-linux-x86_64 0.0.2 1.47 22.40 23.87 NOTE --no-vignettes
r-release-linux-x86_64 0.0.2 1.60 22.34 23.94 NOTE --no-vignettes
r-release-macos-arm64 0.0.2 220.00 NOTE
r-release-macos-x86_64 0.0.2 425.00 NOTE
r-release-windows-x86_64 0.0.2 4.00 504.00 508.00 NOTE
r-oldrel-macos-arm64 0.0.2 229.00 OK
r-oldrel-macos-x86_64 0.0.2 463.00 OK
r-oldrel-windows-x86_64 0.0.2 4.00 703.00 707.00 NOTE

Check Details

Version: 0.0.2
Flags: --no-vignettes
Check: Rd files
Result: NOTE checkRd: (-1) calc_p.Rd:12: Lost braces; missing escapes or markup? 12 | \item{estimator}{string indicating how the parameters $p_{11}$, $p_{01}$, | ^ checkRd: (-1) calc_p.Rd:12: Lost braces; missing escapes or markup? 12 | \item{estimator}{string indicating how the parameters $p_{11}$, $p_{01}$, | ^ checkRd: (-1) calc_p.Rd:13: Lost braces; missing escapes or markup? 13 | $p_{10}$, $p_{00}$ are to be estimated. The default is 'values', which | ^ checkRd: (-1) calc_p.Rd:13: Lost braces; missing escapes or markup? 13 | $p_{10}$, $p_{00}$ are to be estimated. The default is 'values', which | ^ checkRd: (-1) no_null.Rd:15: Lost braces; missing escapes or markup? 15 | \item{estimator}{string indicating how the parameters $p_{11}$, $p_{01}$, | ^ checkRd: (-1) no_null.Rd:15: Lost braces; missing escapes or markup? 15 | \item{estimator}{string indicating how the parameters $p_{11}$, $p_{01}$, | ^ checkRd: (-1) no_null.Rd:16: Lost braces; missing escapes or markup? 16 | $p_{10}$, $p_{00}$ are to be estimated. The default is 'values', which | ^ checkRd: (-1) no_null.Rd:16: Lost braces; missing escapes or markup? 16 | $p_{10}$, $p_{00}$ are to be estimated. The default is 'values', which | ^ checkRd: (-1) tau_p.Rd:13: Lost braces; missing escapes or markup? 13 | \item{estimator}{string indicating how the parameters $p_{11}$, $p_{01}$, | ^ checkRd: (-1) tau_p.Rd:13: Lost braces; missing escapes or markup? 13 | \item{estimator}{string indicating how the parameters $p_{11}$, $p_{01}$, | ^ checkRd: (-1) tau_p.Rd:14: Lost braces; missing escapes or markup? 14 | $p_{10}$ are to be estimated. The default is 'values', which indicates that | ^ Flavors: r-devel-linux-x86_64-debian-clang, r-devel-linux-x86_64-debian-gcc, r-patched-linux-x86_64, r-release-linux-x86_64

Version: 0.0.2
Check: Rd files
Result: NOTE checkRd: (-1) calc_p.Rd:12: Lost braces; missing escapes or markup? 12 | \item{estimator}{string indicating how the parameters $p_{11}$, $p_{01}$, | ^ checkRd: (-1) calc_p.Rd:12: Lost braces; missing escapes or markup? 12 | \item{estimator}{string indicating how the parameters $p_{11}$, $p_{01}$, | ^ checkRd: (-1) calc_p.Rd:13: Lost braces; missing escapes or markup? 13 | $p_{10}$, $p_{00}$ are to be estimated. The default is 'values', which | ^ checkRd: (-1) calc_p.Rd:13: Lost braces; missing escapes or markup? 13 | $p_{10}$, $p_{00}$ are to be estimated. The default is 'values', which | ^ checkRd: (-1) no_null.Rd:15: Lost braces; missing escapes or markup? 15 | \item{estimator}{string indicating how the parameters $p_{11}$, $p_{01}$, | ^ checkRd: (-1) no_null.Rd:15: Lost braces; missing escapes or markup? 15 | \item{estimator}{string indicating how the parameters $p_{11}$, $p_{01}$, | ^ checkRd: (-1) no_null.Rd:16: Lost braces; missing escapes or markup? 16 | $p_{10}$, $p_{00}$ are to be estimated. The default is 'values', which | ^ checkRd: (-1) no_null.Rd:16: Lost braces; missing escapes or markup? 16 | $p_{10}$, $p_{00}$ are to be estimated. The default is 'values', which | ^ checkRd: (-1) tau_p.Rd:13: Lost braces; missing escapes or markup? 13 | \item{estimator}{string indicating how the parameters $p_{11}$, $p_{01}$, | ^ checkRd: (-1) tau_p.Rd:13: Lost braces; missing escapes or markup? 13 | \item{estimator}{string indicating how the parameters $p_{11}$, $p_{01}$, | ^ checkRd: (-1) tau_p.Rd:14: Lost braces; missing escapes or markup? 14 | $p_{10}$ are to be estimated. The default is 'values', which indicates that | ^ Flavors: r-devel-linux-x86_64-fedora-clang, r-devel-linux-x86_64-fedora-gcc, r-devel-windows-x86_64, r-release-macos-arm64, r-release-macos-x86_64, r-release-windows-x86_64

Version: 0.0.2
Check: package dependencies
Result: NOTE Package suggested but not available for checking: 'doMC' Flavors: r-release-windows-x86_64, r-oldrel-windows-x86_64