Last updated on 2024-12-19 23:50:37 CET.
Flavor | Version | Tinstall | Tcheck | Ttotal | Status | Flags |
---|---|---|---|---|---|---|
r-devel-linux-x86_64-debian-clang | 4.7.0 | 450.17 | 159.91 | 610.08 | OK | |
r-devel-linux-x86_64-debian-gcc | 4.7.0 | 285.02 | 105.62 | 390.64 | OK | |
r-devel-linux-x86_64-fedora-clang | 4.7.0 | 834.20 | OK | |||
r-devel-linux-x86_64-fedora-gcc | 4.7.0 | 1053.59 | OK | |||
r-devel-windows-x86_64 | 4.7.0 | 318.00 | 240.00 | 558.00 | OK | |
r-patched-linux-x86_64 | 4.7.0 | 408.82 | 151.10 | 559.92 | OK | |
r-release-linux-x86_64 | 4.7.0 | 385.65 | 150.15 | 535.80 | OK | |
r-release-macos-arm64 | 4.7.0 | 158.00 | NOTE | |||
r-release-macos-x86_64 | 4.7.0 | 139.00 | NOTE | |||
r-release-windows-x86_64 | 4.7.0 | 319.00 | 227.00 | 546.00 | NOTE | |
r-oldrel-macos-arm64 | 4.7.0 | 204.00 | NOTE | |||
r-oldrel-macos-x86_64 | 4.7.0 | 174.00 | NOTE | |||
r-oldrel-windows-x86_64 | 4.7.0 | 429.00 | 285.00 | 714.00 | NOTE |
Version: 4.7.0
Check: installed package size
Result: NOTE
installed size is 50.4Mb
sub-directories of 1Mb or more:
libs 49.1Mb
Flavors: r-release-macos-arm64, r-release-macos-x86_64, r-release-windows-x86_64, r-oldrel-macos-arm64, r-oldrel-macos-x86_64, r-oldrel-windows-x86_64