CRAN Package Check Results for Package meetupapi

Last updated on 2024-12-19 23:50:37 CET.

Flavor Version Tinstall Tcheck Ttotal Status Flags
r-devel-linux-x86_64-debian-clang 0.1.0 3.28 30.12 33.40 OK
r-devel-linux-x86_64-debian-gcc 0.1.0 2.63 22.60 25.23 OK
r-devel-linux-x86_64-fedora-clang 0.1.0 54.60 OK
r-devel-linux-x86_64-fedora-gcc 0.1.0 51.90 OK
r-devel-windows-x86_64 0.1.0 5.00 53.00 58.00 OK
r-patched-linux-x86_64 0.1.0 3.40 28.76 32.16 NOTE
r-release-linux-x86_64 0.1.0 3.12 28.75 31.87 NOTE
r-release-macos-arm64 0.1.0 20.00 NOTE
r-release-macos-x86_64 0.1.0 29.00 NOTE
r-release-windows-x86_64 0.1.0 7.00 62.00 69.00 NOTE
r-oldrel-macos-arm64 0.1.0 23.00 NOTE
r-oldrel-macos-x86_64 0.1.0 28.00 NOTE
r-oldrel-windows-x86_64 0.1.0 6.00 57.00 63.00 NOTE

Check Details

Version: 0.1.0
Check: LazyData
Result: NOTE 'LazyData' is specified without a 'data' directory Flavors: r-patched-linux-x86_64, r-release-linux-x86_64, r-release-macos-arm64, r-release-macos-x86_64, r-release-windows-x86_64, r-oldrel-macos-arm64, r-oldrel-macos-x86_64, r-oldrel-windows-x86_64