Last updated on 2024-12-19 23:50:37 CET.
Flavor | Version | Tinstall | Tcheck | Ttotal | Status | Flags |
---|---|---|---|---|---|---|
r-devel-linux-x86_64-debian-clang | 0.3-11 | 9.03 | 74.32 | 83.35 | NOTE | |
r-devel-linux-x86_64-debian-gcc | 0.3-11 | 5.40 | 54.89 | 60.29 | NOTE | |
r-devel-linux-x86_64-fedora-clang | 0.3-11 | 133.92 | OK | |||
r-devel-linux-x86_64-fedora-gcc | 0.3-11 | 126.55 | OK | |||
r-devel-windows-x86_64 | 0.3-11 | 9.00 | 93.00 | 102.00 | NOTE | |
r-patched-linux-x86_64 | 0.3-11 | 9.09 | 71.65 | 80.74 | OK | |
r-release-linux-x86_64 | 0.3-11 | 7.38 | 71.24 | 78.62 | OK | |
r-release-macos-arm64 | 0.3-11 | 43.00 | OK | |||
r-release-macos-x86_64 | 0.3-11 | 61.00 | OK | |||
r-release-windows-x86_64 | 0.3-11 | 9.00 | 104.00 | 113.00 | OK | |
r-oldrel-macos-arm64 | 0.3-11 | 60.00 | OK | |||
r-oldrel-macos-x86_64 | 0.3-11 | 130.00 | OK | |||
r-oldrel-windows-x86_64 | 0.3-11 | 11.00 | 109.00 | 120.00 | OK |
Version: 0.3-11
Check: Rd cross-references
Result: NOTE
Found the following Rd file(s) with Rd \link{} targets missing package
anchors:
Xtab.Rd: sparseMatrix
Please provide package anchors for all Rd \link{} targets not in the
package itself and the base packages.
Flavors: r-devel-linux-x86_64-debian-clang, r-devel-linux-x86_64-debian-gcc, r-devel-windows-x86_64