CRAN Package Check Results for Package messaging

Last updated on 2024-12-19 23:50:37 CET.

Flavor Version Tinstall Tcheck Ttotal Status Flags
r-devel-linux-x86_64-debian-clang 0.1.0 3.36 33.29 36.65 OK
r-devel-linux-x86_64-debian-gcc 0.1.0 3.21 25.85 29.06 OK
r-devel-linux-x86_64-fedora-clang 0.1.0 60.46 OK
r-devel-linux-x86_64-fedora-gcc 0.1.0 56.76 OK
r-devel-windows-x86_64 0.1.0 5.00 55.00 60.00 OK
r-patched-linux-x86_64 0.1.0 4.12 31.68 35.80 NOTE
r-release-linux-x86_64 0.1.0 3.67 32.02 35.69 NOTE
r-release-macos-arm64 0.1.0 21.00 NOTE
r-release-macos-x86_64 0.1.0 48.00 NOTE
r-release-windows-x86_64 0.1.0 7.00 69.00 76.00 NOTE
r-oldrel-macos-arm64 0.1.0 24.00 NOTE
r-oldrel-macos-x86_64 0.1.0 31.00 NOTE
r-oldrel-windows-x86_64 0.1.0 6.00 59.00 65.00 NOTE

Check Details

Version: 0.1.0
Check: LazyData
Result: NOTE 'LazyData' is specified without a 'data' directory Flavors: r-patched-linux-x86_64, r-release-linux-x86_64, r-release-macos-arm64, r-release-macos-x86_64, r-release-windows-x86_64, r-oldrel-macos-arm64, r-oldrel-macos-x86_64, r-oldrel-windows-x86_64