CRAN Package Check Results for Package meta4diag

Last updated on 2024-12-19 23:50:37 CET.

Flavor Version Tinstall Tcheck Ttotal Status Flags
r-devel-linux-x86_64-debian-clang 2.1.1 12.06 72.75 84.81 OK
r-devel-linux-x86_64-debian-gcc 2.1.1 7.77 48.20 55.97 OK
r-devel-linux-x86_64-fedora-clang 2.1.1 141.64 OK
r-devel-linux-x86_64-fedora-gcc 2.1.1 132.55 OK
r-devel-windows-x86_64 2.1.1 14.00 88.00 102.00 OK
r-patched-linux-x86_64 2.1.1 13.47 67.82 81.29 NOTE
r-release-linux-x86_64 2.1.1 10.84 67.64 78.48 NOTE
r-release-macos-arm64 2.1.1 36.00 NOTE
r-release-macos-x86_64 2.1.1 56.00 NOTE
r-release-windows-x86_64 2.1.1 15.00 100.00 115.00 OK
r-oldrel-macos-arm64 2.1.1 37.00 NOTE
r-oldrel-macos-x86_64 2.1.1 57.00 NOTE
r-oldrel-windows-x86_64 2.1.1 17.00 99.00 116.00 NOTE

Check Details

Version: 2.1.1
Check: package dependencies
Result: NOTE Package suggested but not available for checking: ‘INLA’ Flavors: r-patched-linux-x86_64, r-release-linux-x86_64, r-release-macos-arm64, r-release-macos-x86_64, r-oldrel-macos-arm64, r-oldrel-macos-x86_64, r-oldrel-windows-x86_64