CRAN Package Check Results for Package metamer

Last updated on 2024-12-19 23:50:37 CET.

Flavor Version Tinstall Tcheck Ttotal Status Flags
r-devel-linux-x86_64-debian-clang 0.3.0 3.27 30.51 33.78 OK
r-devel-linux-x86_64-debian-gcc 0.3.0 1.92 22.42 24.34 OK
r-devel-linux-x86_64-fedora-clang 0.3.0 52.72 NOTE
r-devel-linux-x86_64-fedora-gcc 0.3.0 53.59 NOTE
r-devel-windows-x86_64 0.3.0 4.00 53.00 57.00 OK
r-patched-linux-x86_64 0.3.0 3.52 29.34 32.86 OK
r-release-linux-x86_64 0.3.0 2.77 29.31 32.08 OK
r-release-macos-arm64 0.3.0 22.00 OK
r-release-macos-x86_64 0.3.0 31.00 OK
r-release-windows-x86_64 0.3.0 5.00 51.00 56.00 OK
r-oldrel-macos-arm64 0.3.0 24.00 OK
r-oldrel-macos-x86_64 0.3.0 32.00 OK
r-oldrel-windows-x86_64 0.3.0 5.00 58.00 63.00 OK

Check Details

Version: 0.3.0
Check: dependencies in R code
Result: NOTE Namespace in Imports field not imported from: ‘progress’ All declared Imports should be used. Flavors: r-devel-linux-x86_64-fedora-clang, r-devel-linux-x86_64-fedora-gcc