Last updated on 2024-12-19 23:50:37 CET.
Flavor | Version | Tinstall | Tcheck | Ttotal | Status | Flags |
---|---|---|---|---|---|---|
r-devel-linux-x86_64-debian-clang | 0.5.1 | 7.53 | 60.50 | 68.03 | NOTE | |
r-devel-linux-x86_64-debian-gcc | 0.5.1 | 5.59 | 45.05 | 50.64 | NOTE | |
r-devel-linux-x86_64-fedora-clang | 0.5.1 | 113.49 | OK | |||
r-devel-linux-x86_64-fedora-gcc | 0.5.1 | 123.20 | OK | |||
r-devel-windows-x86_64 | 0.5.1 | 9.00 | 84.00 | 93.00 | NOTE | |
r-patched-linux-x86_64 | 0.5.1 | 10.99 | 58.89 | 69.88 | OK | |
r-release-linux-x86_64 | 0.5.1 | 5.93 | 58.82 | 64.75 | OK | |
r-release-macos-arm64 | 0.5.1 | 41.00 | OK | |||
r-release-macos-x86_64 | 0.5.1 | 104.00 | OK | |||
r-release-windows-x86_64 | 0.5.1 | 11.00 | 81.00 | 92.00 | OK | |
r-oldrel-macos-arm64 | 0.5.1 | 46.00 | OK | |||
r-oldrel-macos-x86_64 | 0.5.1 | 72.00 | OK | |||
r-oldrel-windows-x86_64 | 0.5.1 | 11.00 | 96.00 | 107.00 | OK |
Version: 0.5.1
Check: Rd cross-references
Result: NOTE
Found the following Rd file(s) with Rd \link{} targets missing package
anchors:
authorize.Rd: oauth2.0_token
Please provide package anchors for all Rd \link{} targets not in the
package itself and the base packages.
Flavors: r-devel-linux-x86_64-debian-clang, r-devel-linux-x86_64-debian-gcc, r-devel-windows-x86_64