CRAN Package Check Results for Package mfp

Last updated on 2024-12-19 23:50:37 CET.

Flavor Version Tinstall Tcheck Ttotal Status Flags
r-devel-linux-x86_64-debian-clang 1.5.4.1 7.38 64.87 72.25 NOTE
r-devel-linux-x86_64-debian-gcc 1.5.4.1 4.15 48.07 52.22 NOTE
r-devel-linux-x86_64-fedora-clang 1.5.4.1 113.95 OK
r-devel-linux-x86_64-fedora-gcc 1.5.4.1 124.17 OK
r-devel-windows-x86_64 1.5.4.1 8.00 77.00 85.00 NOTE
r-patched-linux-x86_64 1.5.4.1 5.76 61.68 67.44 OK
r-release-linux-x86_64 1.5.4.1 7.18 61.19 68.37 OK
r-release-macos-arm64 1.5.4.1 43.00 OK
r-release-macos-x86_64 1.5.4.1 60.00 OK
r-release-windows-x86_64 1.5.4.1 8.00 76.00 84.00 OK
r-oldrel-macos-arm64 1.5.4.1 43.00 OK
r-oldrel-macos-x86_64 1.5.4.1 122.00 OK
r-oldrel-windows-x86_64 1.5.4.1 10.00 93.00 103.00 OK

Check Details

Version: 1.5.4.1
Check: Rd cross-references
Result: NOTE Found the following Rd file(s) with Rd \link{} targets missing package anchors: predict.mfp.Rd: predict.coxph Please provide package anchors for all Rd \link{} targets not in the package itself and the base packages. Flavors: r-devel-linux-x86_64-debian-clang, r-devel-linux-x86_64-debian-gcc, r-devel-windows-x86_64