Last updated on 2024-12-19 23:50:38 CET.
Flavor | Version | Tinstall | Tcheck | Ttotal | Status | Flags |
---|---|---|---|---|---|---|
r-devel-linux-x86_64-debian-clang | 1.0.5 | 86.27 | 461.48 | 547.75 | OK | |
r-devel-linux-x86_64-debian-gcc | 1.0.5 | 58.68 | 320.93 | 379.61 | OK | |
r-devel-linux-x86_64-fedora-clang | 1.0.5 | 879.66 | OK | |||
r-devel-linux-x86_64-fedora-gcc | 1.0.5 | 875.60 | OK | |||
r-devel-windows-x86_64 | 1.0.5 | 73.00 | 417.00 | 490.00 | OK | |
r-patched-linux-x86_64 | 1.0.5 | 81.62 | 440.81 | 522.43 | OK | |
r-release-linux-x86_64 | 1.0.5 | 82.24 | 436.47 | 518.71 | OK | |
r-release-macos-arm64 | 1.0.5 | 215.00 | NOTE | |||
r-release-macos-x86_64 | 1.0.5 | 369.00 | NOTE | |||
r-release-windows-x86_64 | 1.0.5 | 71.00 | 401.00 | 472.00 | OK | |
r-oldrel-macos-arm64 | 1.0.5 | 205.00 | NOTE | |||
r-oldrel-macos-x86_64 | 1.0.5 | 507.00 | NOTE | |||
r-oldrel-windows-x86_64 | 1.0.5 | 104.00 | 542.00 | 646.00 | OK |
Version: 1.0.5
Check: installed package size
Result: NOTE
installed size is 23.3Mb
sub-directories of 1Mb or more:
doc 1.7Mb
libs 20.6Mb
Flavors: r-release-macos-arm64, r-release-macos-x86_64, r-oldrel-macos-arm64, r-oldrel-macos-x86_64