Last updated on 2024-12-19 23:50:38 CET.
Flavor | Version | Tinstall | Tcheck | Ttotal | Status | Flags |
---|---|---|---|---|---|---|
r-devel-linux-x86_64-debian-clang | 3.17-44 | 107.81 | 168.05 | 275.86 | OK | |
r-devel-linux-x86_64-debian-gcc | 3.17-44 | 76.99 | 111.88 | 188.87 | OK | |
r-devel-linux-x86_64-fedora-clang | 3.17-44 | 517.85 | OK | |||
r-devel-linux-x86_64-fedora-gcc | 3.17-44 | 503.73 | OK | |||
r-devel-windows-x86_64 | 3.17-44 | 111.00 | 227.00 | 338.00 | OK | |
r-patched-linux-x86_64 | 3.17-44 | 104.12 | 154.40 | 258.52 | OK | |
r-release-linux-x86_64 | 3.17-44 | 107.36 | 152.82 | 260.18 | OK | |
r-release-macos-arm64 | 3.17-44 | 113.00 | NOTE | |||
r-release-macos-x86_64 | 3.17-44 | 152.00 | NOTE | |||
r-release-windows-x86_64 | 3.17-44 | 112.00 | 211.00 | 323.00 | OK | |
r-oldrel-macos-arm64 | 3.17-44 | 113.00 | NOTE | |||
r-oldrel-macos-x86_64 | 3.17-44 | 182.00 | NOTE | |||
r-oldrel-windows-x86_64 | 3.17-44 | 141.00 | 264.00 | 405.00 | OK |
Version: 3.17-44
Check: installed package size
Result: NOTE
installed size is 7.3Mb
sub-directories of 1Mb or more:
libs 5.6Mb
Flavors: r-release-macos-arm64, r-release-macos-x86_64, r-oldrel-macos-arm64, r-oldrel-macos-x86_64