CRAN Package Check Results for Package midastouch

Last updated on 2024-12-19 23:50:38 CET.

Flavor Version Tinstall Tcheck Ttotal Status Flags
r-devel-linux-x86_64-debian-clang 1.3 1.38 20.48 21.86 OK
r-devel-linux-x86_64-debian-gcc 1.3 1.35 16.53 17.88 OK
r-devel-linux-x86_64-fedora-clang 1.3 35.75 OK
r-devel-linux-x86_64-fedora-gcc 1.3 34.00 OK
r-devel-windows-x86_64 1.3 3.00 46.00 49.00 OK
r-patched-linux-x86_64 1.3 1.72 19.92 21.64 NOTE
r-release-linux-x86_64 1.3 1.56 19.78 21.34 NOTE
r-release-macos-arm64 1.3 16.00 NOTE
r-release-macos-x86_64 1.3 26.00 NOTE
r-release-windows-x86_64 1.3 2.00 51.00 53.00 NOTE
r-oldrel-macos-arm64 1.3 15.00 NOTE
r-oldrel-macos-x86_64 1.3 19.00 NOTE
r-oldrel-windows-x86_64 1.3 2.00 45.00 47.00 NOTE

Check Details

Version: 1.3
Check: LazyData
Result: NOTE 'LazyData' is specified without a 'data' directory Flavors: r-patched-linux-x86_64, r-release-linux-x86_64, r-release-macos-arm64, r-release-macos-x86_64, r-release-windows-x86_64, r-oldrel-macos-arm64, r-oldrel-macos-x86_64, r-oldrel-windows-x86_64