CRAN Package Check Results for Package milorGWAS

Last updated on 2024-12-19 23:50:38 CET.

Flavor Version Tinstall Tcheck Ttotal Status Flags
r-devel-linux-x86_64-debian-clang 0.7 96.29 80.99 177.28 OK
r-devel-linux-x86_64-debian-gcc 0.7 75.52 61.09 136.61 OK
r-devel-linux-x86_64-fedora-clang 0.7 336.69 OK
r-devel-linux-x86_64-fedora-gcc 0.7 375.96 OK
r-devel-windows-x86_64 0.7 105.00 120.00 225.00 OK
r-patched-linux-x86_64 0.7 103.05 82.46 185.51 OK
r-release-linux-x86_64 0.7 105.36 82.70 188.06 OK
r-release-macos-arm64 0.7 120.00 NOTE
r-release-macos-x86_64 0.7 198.00 NOTE
r-release-windows-x86_64 0.7 108.00 119.00 227.00 OK
r-oldrel-macos-arm64 0.7 127.00 NOTE
r-oldrel-macos-x86_64 0.7 234.00 NOTE
r-oldrel-windows-x86_64 0.7 125.00 136.00 261.00 OK

Check Details

Version: 0.7
Check: installed package size
Result: NOTE installed size is 14.9Mb sub-directories of 1Mb or more: libs 14.2Mb Flavors: r-release-macos-arm64, r-release-macos-x86_64, r-oldrel-macos-arm64, r-oldrel-macos-x86_64