CRAN Package Check Results for Package mockery

Last updated on 2024-12-19 23:50:38 CET.

Flavor Version Tinstall Tcheck Ttotal Status Flags
r-devel-linux-x86_64-debian-clang 0.4.4 2.57 33.43 36.00 NOTE
r-devel-linux-x86_64-debian-gcc 0.4.4 1.89 25.98 27.87 NOTE
r-devel-linux-x86_64-fedora-clang 0.4.4 60.55 OK
r-devel-linux-x86_64-fedora-gcc 0.4.4 95.10 OK
r-devel-windows-x86_64 0.4.4 6.00 56.00 62.00 NOTE
r-patched-linux-x86_64 0.4.4 5.38 31.40 36.78 OK
r-release-linux-x86_64 0.4.4 2.62 31.55 34.17 OK
r-release-macos-arm64 0.4.4 32.00 OK
r-release-macos-x86_64 0.4.4 53.00 OK
r-release-windows-x86_64 0.4.4 5.00 55.00 60.00 OK
r-oldrel-macos-arm64 0.4.4 41.00 OK
r-oldrel-macos-x86_64 0.4.4 165.00 OK
r-oldrel-windows-x86_64 0.4.4 5.00 61.00 66.00 OK

Check Details

Version: 0.4.4
Check: Rd cross-references
Result: NOTE Found the following Rd file(s) with Rd \link{} targets missing package anchors: mock.Rd: with_mock Please provide package anchors for all Rd \link{} targets not in the package itself and the base packages. Flavors: r-devel-linux-x86_64-debian-clang, r-devel-linux-x86_64-debian-gcc, r-devel-windows-x86_64