CRAN Package Check Results for Package moocore

Last updated on 2024-12-19 23:50:38 CET.

Flavor Version Tinstall Tcheck Ttotal Status Flags
r-devel-linux-x86_64-debian-clang 0.1.2 21.12 56.10 77.22 OK
r-devel-linux-x86_64-debian-gcc 0.1.2 16.06 46.45 62.51 OK
r-devel-linux-x86_64-fedora-clang 0.1.2 124.20 OK
r-devel-linux-x86_64-fedora-gcc 0.1.2 133.19 OK
r-devel-windows-x86_64 0.1.2 44.00 96.00 140.00 OK
r-patched-linux-x86_64 0.1.2 23.93 59.88 83.81 NOTE
r-release-linux-x86_64 0.1.2 22.34 58.89 81.23 NOTE
r-release-macos-arm64 0.1.2 51.00 NOTE
r-release-macos-x86_64 0.1.2 77.00 NOTE
r-release-windows-x86_64 0.1.2 48.00 88.00 136.00 NOTE
r-oldrel-macos-arm64 0.1.2 51.00 NOTE
r-oldrel-macos-x86_64 0.1.2 89.00 NOTE
r-oldrel-windows-x86_64 0.1.2 51.00 108.00 159.00 NOTE

Check Details

Version: 0.1.2
Check: for GNU extensions in Makefiles
Result: NOTE GNU make is a SystemRequirements. Flavors: r-patched-linux-x86_64, r-release-linux-x86_64, r-release-macos-arm64, r-release-macos-x86_64, r-release-windows-x86_64, r-oldrel-macos-arm64, r-oldrel-macos-x86_64, r-oldrel-windows-x86_64