CRAN Package Check Results for Package mrMLM.GUI

Last updated on 2024-12-19 23:50:38 CET.

Flavor Version Tinstall Tcheck Ttotal Status Flags
r-devel-linux-x86_64-debian-clang 4.0.2 36.24 127.36 163.60 OK
r-devel-linux-x86_64-debian-gcc 4.0.2 24.27 92.96 117.23 OK
r-devel-linux-x86_64-fedora-clang 4.0.2 269.20 OK
r-devel-linux-x86_64-fedora-gcc 4.0.2 252.36 OK
r-devel-windows-x86_64 4.0.2 39.00 161.00 200.00 OK
r-patched-linux-x86_64 4.0.2 34.79 120.65 155.44 OK
r-release-linux-x86_64 4.0.2 33.59 120.84 154.43 OK
r-release-macos-arm64 4.0.2 76.00 NOTE
r-release-macos-x86_64 4.0.2 122.00 NOTE
r-release-windows-x86_64 4.0.2 36.00 156.00 192.00 OK
r-oldrel-macos-arm64 4.0.2 87.00 OK
r-oldrel-macos-x86_64 4.0.2 137.00 OK
r-oldrel-windows-x86_64 4.0.2 47.00 196.00 243.00 OK

Check Details

Version: 4.0.2
Check: installed package size
Result: NOTE installed size is 5.2Mb sub-directories of 1Mb or more: extdata 1.7Mb libs 2.3Mb Flavors: r-release-macos-arm64, r-release-macos-x86_64