CRAN Package Check Results for Package muRty

Last updated on 2024-12-19 23:50:39 CET.

Flavor Version Tinstall Tcheck Ttotal Status Flags
r-devel-linux-x86_64-debian-clang 0.3.1 2.47 23.40 25.87 OK
r-devel-linux-x86_64-debian-gcc 0.3.1 1.78 18.23 20.01 OK
r-devel-linux-x86_64-fedora-clang 0.3.1 42.72 OK
r-devel-linux-x86_64-fedora-gcc 0.3.1 41.52 OK
r-devel-windows-x86_64 0.3.1 4.00 55.00 59.00 OK
r-patched-linux-x86_64 0.3.1 2.22 22.22 24.44 NOTE
r-release-linux-x86_64 0.3.1 2.35 22.75 25.10 NOTE
r-release-macos-arm64 0.3.1 18.00 NOTE
r-release-macos-x86_64 0.3.1 24.00 NOTE
r-release-windows-x86_64 0.3.1 3.00 60.00 63.00 NOTE
r-oldrel-macos-arm64 0.3.1 22.00 NOTE
r-oldrel-macos-x86_64 0.3.1 24.00 NOTE
r-oldrel-windows-x86_64 0.3.1 5.00 51.00 56.00 NOTE

Check Details

Version: 0.3.1
Check: LazyData
Result: NOTE 'LazyData' is specified without a 'data' directory Flavors: r-patched-linux-x86_64, r-release-linux-x86_64, r-release-macos-arm64, r-release-macos-x86_64, r-release-windows-x86_64, r-oldrel-macos-arm64, r-oldrel-macos-x86_64, r-oldrel-windows-x86_64