Last updated on 2024-12-19 23:50:38 CET.
Flavor | Version | Tinstall | Tcheck | Ttotal | Status | Flags |
---|---|---|---|---|---|---|
r-devel-linux-x86_64-debian-clang | 1.1.1 | 21.18 | 134.78 | 155.96 | OK | |
r-devel-linux-x86_64-debian-gcc | 1.1.1 | 0.39 | 1.48 | 1.87 | ERROR | |
r-devel-linux-x86_64-fedora-clang | 1.1.1 | 259.54 | OK | |||
r-devel-linux-x86_64-fedora-gcc | 1.1.1 | 262.41 | OK | |||
r-devel-windows-x86_64 | 1.1.1 | 24.00 | 245.00 | 269.00 | OK | |
r-patched-linux-x86_64 | 1.1.1 | 24.35 | 127.21 | 151.56 | OK | |
r-release-linux-x86_64 | 1.1.1 | 0.46 | 1.76 | 2.22 | ERROR | |
r-release-macos-arm64 | 1.1.1 | 125.00 | OK | |||
r-release-macos-x86_64 | 1.1.1 | 178.00 | OK | |||
r-release-windows-x86_64 | 1.1.1 | 25.00 | 245.00 | 270.00 | OK | |
r-oldrel-macos-arm64 | 1.1.1 | 129.00 | OK | |||
r-oldrel-macos-x86_64 | 1.1.1 | 210.00 | OK | |||
r-oldrel-windows-x86_64 | 1.1.1 | 32.00 | 317.00 | 349.00 | OK |
Version: 1.1.1
Check: package dependencies
Result: ERROR
Package required but not available: ‘fgsea’
See section ‘The DESCRIPTION file’ in the ‘Writing R Extensions’
manual.
Flavors: r-devel-linux-x86_64-debian-gcc, r-release-linux-x86_64