CRAN Package Check Results for Package mzipmed

Last updated on 2024-12-19 23:50:39 CET.

Flavor Version Tinstall Tcheck Ttotal Status Flags
r-devel-linux-x86_64-debian-clang 1.4.0 15.45 67.46 82.91 NOTE
r-devel-linux-x86_64-debian-gcc 1.4.0 9.84 44.40 54.24 NOTE
r-devel-linux-x86_64-fedora-clang 1.4.0 137.45 NOTE
r-devel-linux-x86_64-fedora-gcc 1.4.0 140.46 NOTE
r-devel-windows-x86_64 1.4.0 16.00 87.00 103.00 NOTE
r-patched-linux-x86_64 1.4.0 15.62 62.55 78.17 NOTE
r-release-linux-x86_64 1.4.0 17.29 63.07 80.36 NOTE
r-release-macos-arm64 1.4.0 39.00 NOTE
r-release-macos-x86_64 1.4.0 62.00 NOTE
r-release-windows-x86_64 1.4.0 17.00 82.00 99.00 NOTE
r-oldrel-macos-arm64 1.4.0 53.00 OK
r-oldrel-macos-x86_64 1.4.0 118.00 OK
r-oldrel-windows-x86_64 1.4.0 21.00 91.00 112.00 OK

Check Details

Version: 1.4.0
Check: Rd files
Result: NOTE checkRd: (-1) mzipmed_data.Rd:22: Lost braces; missing escapes or markup? 22 | @source {Simulated to serve as an example} | ^ Flavors: r-devel-linux-x86_64-debian-clang, r-devel-linux-x86_64-debian-gcc, r-devel-linux-x86_64-fedora-clang, r-devel-linux-x86_64-fedora-gcc, r-devel-windows-x86_64, r-patched-linux-x86_64, r-release-linux-x86_64, r-release-macos-arm64, r-release-macos-x86_64, r-release-windows-x86_64