Last updated on 2024-12-19 23:50:39 CET.
Flavor | Version | Tinstall | Tcheck | Ttotal | Status | Flags |
---|---|---|---|---|---|---|
r-devel-linux-x86_64-debian-clang | 0.1.3 | 574.24 | 39.16 | 613.40 | OK | |
r-devel-linux-x86_64-debian-gcc | 0.1.3 | 395.88 | 30.67 | 426.55 | OK | |
r-devel-linux-x86_64-fedora-clang | 0.1.3 | 1298.03 | OK | |||
r-devel-linux-x86_64-fedora-gcc | 0.1.3 | 1316.19 | OK | |||
r-devel-windows-x86_64 | 0.1.3 | 534.00 | 93.00 | 627.00 | OK | |
r-patched-linux-x86_64 | 0.1.3 | 565.86 | 38.98 | 604.84 | OK | |
r-release-linux-x86_64 | 0.1.3 | 573.23 | 38.29 | 611.52 | OK | |
r-release-macos-arm64 | 0.1.3 | 260.00 | NOTE | |||
r-release-macos-x86_64 | 0.1.3 | 231.00 | NOTE | |||
r-release-windows-x86_64 | 0.1.3 | 552.00 | 93.00 | 645.00 | NOTE | |
r-oldrel-macos-arm64 | 0.1.3 | 342.00 | NOTE | |||
r-oldrel-macos-x86_64 | 0.1.3 | 251.00 | NOTE | |||
r-oldrel-windows-x86_64 | 0.1.3 | 515.00 | 103.00 | 618.00 | NOTE |
Version: 0.1.3
Check: installed package size
Result: NOTE
installed size is 25.7Mb
sub-directories of 1Mb or more:
data 1.9Mb
libs 22.5Mb
models 1.1Mb
Flavors: r-release-macos-arm64, r-release-macos-x86_64, r-release-windows-x86_64, r-oldrel-macos-arm64, r-oldrel-macos-x86_64, r-oldrel-windows-x86_64