Last updated on 2024-12-19 23:50:39 CET.
Flavor | Version | Tinstall | Tcheck | Ttotal | Status | Flags |
---|---|---|---|---|---|---|
r-devel-linux-x86_64-debian-clang | 0.9.0 | 11.00 | 123.05 | 134.05 | OK | |
r-devel-linux-x86_64-debian-gcc | 0.9.0 | 7.66 | 97.48 | 105.14 | OK | |
r-devel-linux-x86_64-fedora-clang | 0.9.0 | 208.23 | OK | |||
r-devel-linux-x86_64-fedora-gcc | 0.9.0 | 237.11 | OK | |||
r-devel-windows-x86_64 | 0.9.0 | 13.00 | 152.00 | 165.00 | OK | |
r-patched-linux-x86_64 | 0.9.0 | 10.74 | 129.84 | 140.58 | NOTE | |
r-release-linux-x86_64 | 0.9.0 | 9.53 | 129.08 | 138.61 | NOTE | |
r-release-macos-arm64 | 0.9.0 | 79.00 | NOTE | |||
r-release-macos-x86_64 | 0.9.0 | 114.00 | NOTE | |||
r-release-windows-x86_64 | 0.9.0 | 15.00 | 145.00 | 160.00 | NOTE | |
r-oldrel-macos-arm64 | 0.9.0 | 90.00 | NOTE | |||
r-oldrel-macos-x86_64 | 0.9.0 | 133.00 | NOTE | |||
r-oldrel-windows-x86_64 | 0.9.0 | 17.00 | 167.00 | 184.00 | NOTE |
Version: 0.9.0
Check: LazyData
Result: NOTE
'LazyData' is specified without a 'data' directory
Flavors: r-patched-linux-x86_64, r-release-linux-x86_64, r-release-macos-arm64, r-release-macos-x86_64, r-release-windows-x86_64, r-oldrel-macos-arm64, r-oldrel-macos-x86_64, r-oldrel-windows-x86_64