Last updated on 2024-12-19 23:50:39 CET.
Flavor | Version | Tinstall | Tcheck | Ttotal | Status | Flags |
---|---|---|---|---|---|---|
r-devel-linux-x86_64-debian-clang | 2.1.0 | 8.25 | 72.17 | 80.42 | OK | |
r-devel-linux-x86_64-debian-gcc | 2.1.0 | 5.82 | 51.32 | 57.14 | OK | |
r-devel-linux-x86_64-fedora-clang | 2.1.0 | 126.69 | OK | |||
r-devel-linux-x86_64-fedora-gcc | 2.1.0 | 121.52 | OK | |||
r-devel-windows-x86_64 | 2.1.0 | 9.00 | 88.00 | 97.00 | OK | |
r-patched-linux-x86_64 | 2.1.0 | 8.40 | 67.21 | 75.61 | OK | |
r-release-linux-x86_64 | 2.1.0 | 7.86 | 67.70 | 75.56 | OK | |
r-release-macos-arm64 | 2.1.0 | 40.00 | NOTE | |||
r-release-macos-x86_64 | 2.1.0 | 57.00 | NOTE | |||
r-release-windows-x86_64 | 2.1.0 | 10.00 | 87.00 | 97.00 | NOTE | |
r-oldrel-macos-arm64 | 2.1.0 | 41.00 | NOTE | |||
r-oldrel-macos-x86_64 | 2.1.0 | 59.00 | NOTE | |||
r-oldrel-windows-x86_64 | 2.1.0 | 13.00 | 109.00 | 122.00 | NOTE |
Version: 2.1.0
Check: installed package size
Result: NOTE
installed size is 6.3Mb
Flavors: r-release-macos-arm64, r-release-macos-x86_64, r-release-windows-x86_64, r-oldrel-macos-arm64, r-oldrel-macos-x86_64, r-oldrel-windows-x86_64