Last updated on 2024-12-19 23:50:39 CET.
Flavor | Version | Tinstall | Tcheck | Ttotal | Status | Flags |
---|---|---|---|---|---|---|
r-devel-linux-x86_64-debian-clang | 1.0.2 | 392.85 | 97.58 | 490.43 | NOTE | |
r-devel-linux-x86_64-debian-gcc | 1.0.2 | 273.66 | 69.19 | 342.85 | NOTE | |
r-devel-linux-x86_64-fedora-clang | 1.0.2 | 1088.62 | NOTE | |||
r-devel-linux-x86_64-fedora-gcc | 1.0.2 | 1024.42 | NOTE | |||
r-devel-windows-x86_64 | 1.0.2 | 406.00 | 143.00 | 549.00 | NOTE | |
r-patched-linux-x86_64 | 1.0.2 | 387.17 | 92.84 | 480.01 | NOTE | |
r-release-linux-x86_64 | 1.0.2 | 382.81 | 93.83 | 476.64 | NOTE | |
r-release-macos-arm64 | 1.0.2 | 212.00 | NOTE | |||
r-release-macos-x86_64 | 1.0.2 | 204.00 | NOTE | |||
r-release-windows-x86_64 | 1.0.2 | 410.00 | 139.00 | 549.00 | NOTE | |
r-oldrel-macos-arm64 | 1.0.2 | 290.00 | NOTE | |||
r-oldrel-macos-x86_64 | 1.0.2 | 514.00 | NOTE | |||
r-oldrel-windows-x86_64 | 1.0.2 | 475.00 | 168.00 | 643.00 | NOTE |
Version: 1.0.2
Check: C++ specification
Result: NOTE
Specified C++11: please drop specification unless essential
Flavors: r-devel-linux-x86_64-debian-clang, r-devel-linux-x86_64-debian-gcc, r-devel-linux-x86_64-fedora-clang, r-devel-linux-x86_64-fedora-gcc, r-devel-windows-x86_64, r-patched-linux-x86_64, r-release-linux-x86_64, r-release-macos-arm64, r-release-macos-x86_64, r-release-windows-x86_64, r-oldrel-macos-arm64, r-oldrel-macos-x86_64, r-oldrel-windows-x86_64
Version: 1.0.2
Check: installed package size
Result: NOTE
installed size is 11.4Mb
sub-directories of 1Mb or more:
libs 11.2Mb
Flavors: r-release-macos-arm64, r-release-macos-x86_64, r-oldrel-macos-arm64, r-oldrel-macos-x86_64