CRAN Package Check Results for Package nimbleHMC

Last updated on 2024-12-19 23:50:39 CET.

Flavor Version Tinstall Tcheck Ttotal Status Flags
r-devel-linux-x86_64-debian-clang 0.2.2 12.99 73.73 86.72 OK
r-devel-linux-x86_64-debian-gcc 0.2.3 9.18 60.74 69.92 OK
r-devel-linux-x86_64-fedora-clang 0.2.3 100.55 NOTE
r-devel-linux-x86_64-fedora-gcc 0.2.3 138.21 NOTE
r-devel-windows-x86_64 0.2.2 14.00 94.00 108.00 OK
r-patched-linux-x86_64 0.2.2 11.58 71.01 82.59 OK
r-release-linux-x86_64 0.2.2 13.25 72.79 86.04 OK
r-release-macos-arm64 0.2.3 44.00 OK
r-release-macos-x86_64 0.2.3 90.00 OK
r-release-windows-x86_64 0.2.2 14.00 86.00 100.00 OK
r-oldrel-macos-arm64 0.2.3 47.00 OK
r-oldrel-macos-x86_64 0.2.3 85.00 OK
r-oldrel-windows-x86_64 0.2.2 19.00 98.00 117.00 OK

Check Details

Version: 0.2.3
Check: dependencies in R code
Result: NOTE Namespace in Imports field not imported from: ‘methods’ All declared Imports should be used. Flavors: r-devel-linux-x86_64-fedora-clang, r-devel-linux-x86_64-fedora-gcc