Last updated on 2024-12-19 23:50:39 CET.
Flavor | Version | Tinstall | Tcheck | Ttotal | Status | Flags |
---|---|---|---|---|---|---|
r-devel-linux-x86_64-debian-clang | 1.0.1 | 13.75 | 177.32 | 191.07 | NOTE | |
r-devel-linux-x86_64-debian-gcc | 1.0.1 | 11.19 | 135.09 | 146.28 | NOTE | |
r-devel-linux-x86_64-fedora-clang | 1.0.1 | 319.81 | NOTE | |||
r-devel-linux-x86_64-fedora-gcc | 1.0.1 | 314.39 | NOTE | |||
r-devel-windows-x86_64 | 1.0.1 | 17.00 | 187.00 | 204.00 | NOTE | |
r-patched-linux-x86_64 | 1.0.1 | 15.28 | 168.23 | 183.51 | NOTE | |
r-release-linux-x86_64 | 1.0.1 | 12.78 | 168.03 | 180.81 | NOTE | |
r-release-macos-arm64 | 1.0.1 | 91.00 | NOTE | |||
r-release-macos-x86_64 | 1.0.1 | 137.00 | NOTE | |||
r-release-windows-x86_64 | 1.0.1 | 19.00 | 182.00 | 201.00 | NOTE | |
r-oldrel-macos-arm64 | 1.0.1 | 99.00 | OK | |||
r-oldrel-macos-x86_64 | 1.0.1 | 157.00 | OK | |||
r-oldrel-windows-x86_64 | 1.0.1 | 21.00 | 217.00 | 238.00 | OK |
Version: 1.0.1
Check: Rd files
Result: NOTE
checkRd: (-1) dot-make_long_data.Rd:44: Lost braces; missing escapes or markup?
44 | training sample), psi (the value of this observations Psihat(P_{n,B_n}^0)),
| ^
checkRd: (-1) dot-make_long_data_nested_cv.Rd:49: Lost braces; missing escapes or markup?
49 | training sample), psi (the value of this observations Psihat(P_{n,B_n}^0)),
| ^
Flavors: r-devel-linux-x86_64-debian-clang, r-devel-linux-x86_64-debian-gcc, r-devel-linux-x86_64-fedora-clang, r-devel-linux-x86_64-fedora-gcc, r-devel-windows-x86_64, r-patched-linux-x86_64, r-release-linux-x86_64, r-release-macos-arm64, r-release-macos-x86_64, r-release-windows-x86_64