CRAN Package Check Results for Package noisyCE2

Last updated on 2024-12-19 23:50:39 CET.

Flavor Version Tinstall Tcheck Ttotal Status Flags
r-devel-linux-x86_64-debian-clang 1.1.0 2.09 20.83 22.92 OK
r-devel-linux-x86_64-debian-gcc 1.1.0 1.36 16.74 18.10 OK
r-devel-linux-x86_64-fedora-clang 1.1.0 37.45 OK
r-devel-linux-x86_64-fedora-gcc 1.1.0 35.60 OK
r-devel-windows-x86_64 1.1.0 2.00 45.00 47.00 OK
r-patched-linux-x86_64 1.1.0 1.99 19.59 21.58 NOTE
r-release-linux-x86_64 1.1.0 1.94 19.97 21.91 NOTE
r-release-macos-arm64 1.1.0 16.00 NOTE
r-release-macos-x86_64 1.1.0 28.00 NOTE
r-release-windows-x86_64 1.1.0 3.00 54.00 57.00 NOTE
r-oldrel-macos-arm64 1.1.0 16.00 NOTE
r-oldrel-macos-x86_64 1.1.0 22.00 NOTE
r-oldrel-windows-x86_64 1.1.0 2.00 46.00 48.00 NOTE

Check Details

Version: 1.1.0
Check: LazyData
Result: NOTE 'LazyData' is specified without a 'data' directory Flavors: r-patched-linux-x86_64, r-release-linux-x86_64, r-release-macos-arm64, r-release-macos-x86_64, r-release-windows-x86_64, r-oldrel-macos-arm64, r-oldrel-macos-x86_64, r-oldrel-windows-x86_64