Last updated on 2024-12-19 23:50:39 CET.
Flavor | Version | Tinstall | Tcheck | Ttotal | Status | Flags |
---|---|---|---|---|---|---|
r-devel-linux-x86_64-debian-clang | 0.1.0 | 6.00 | 50.34 | 56.34 | OK | |
r-devel-linux-x86_64-debian-gcc | 0.1.0 | 4.62 | 39.61 | 44.23 | OK | |
r-devel-linux-x86_64-fedora-clang | 0.1.0 | 87.53 | OK | |||
r-devel-linux-x86_64-fedora-gcc | 0.1.0 | 84.73 | OK | |||
r-devel-windows-x86_64 | 0.1.0 | 6.00 | 65.00 | 71.00 | OK | |
r-patched-linux-x86_64 | 0.1.0 | 6.01 | 47.36 | 53.37 | NOTE | |
r-release-linux-x86_64 | 0.1.0 | 6.13 | 47.40 | 53.53 | NOTE | |
r-release-macos-arm64 | 0.1.0 | 30.00 | NOTE | |||
r-release-macos-x86_64 | 0.1.0 | 41.00 | NOTE | |||
r-release-windows-x86_64 | 0.1.0 | 7.00 | 81.00 | 88.00 | NOTE | |
r-oldrel-macos-arm64 | 0.1.0 | 30.00 | NOTE | |||
r-oldrel-macos-x86_64 | 0.1.0 | 49.00 | NOTE | |||
r-oldrel-windows-x86_64 | 0.1.0 | 9.00 | 76.00 | 85.00 | NOTE |
Version: 0.1.0
Check: LazyData
Result: NOTE
'LazyData' is specified without a 'data' directory
Flavors: r-patched-linux-x86_64, r-release-linux-x86_64, r-release-macos-arm64, r-release-macos-x86_64, r-release-windows-x86_64, r-oldrel-macos-arm64, r-oldrel-macos-x86_64, r-oldrel-windows-x86_64