Last updated on 2024-12-19 23:50:39 CET.
Flavor | Version | Tinstall | Tcheck | Ttotal | Status | Flags |
---|---|---|---|---|---|---|
r-devel-linux-x86_64-debian-clang | 0.0.3 | 9.55 | 80.45 | 90.00 | OK | |
r-devel-linux-x86_64-debian-gcc | 0.0.3 | 7.72 | 57.80 | 65.52 | OK | |
r-devel-linux-x86_64-fedora-clang | 0.0.3 | 144.46 | NOTE | |||
r-devel-linux-x86_64-fedora-gcc | 0.0.3 | 135.75 | NOTE | |||
r-devel-windows-x86_64 | 0.0.3 | 12.00 | 91.00 | 103.00 | OK | |
r-patched-linux-x86_64 | 0.0.3 | 9.71 | 76.25 | 85.96 | OK | |
r-release-linux-x86_64 | 0.0.3 | 9.36 | 75.74 | 85.10 | OK | |
r-release-macos-arm64 | 0.0.3 | 39.00 | OK | |||
r-release-macos-x86_64 | 0.0.3 | 113.00 | OK | |||
r-release-windows-x86_64 | 0.0.3 | 12.00 | 90.00 | 102.00 | OK | |
r-oldrel-macos-arm64 | 0.0.3 | 70.00 | OK | |||
r-oldrel-macos-x86_64 | 0.0.3 | 82.00 | OK | |||
r-oldrel-windows-x86_64 | 0.0.3 | 14.00 | 110.00 | 124.00 | OK |
Version: 0.0.3
Check: dependencies in R code
Result: NOTE
Namespace in Imports field not imported from: ‘xgboost’
All declared Imports should be used.
Flavors: r-devel-linux-x86_64-fedora-clang, r-devel-linux-x86_64-fedora-gcc