CRAN Package Check Results for Package nuggets

Last updated on 2024-12-19 23:50:39 CET.

Flavor Version Tinstall Tcheck Ttotal Status Flags
r-devel-linux-x86_64-debian-clang 1.3.0 111.78 58.79 170.57 OK
r-devel-linux-x86_64-debian-gcc 1.3.0 104.81 40.50 145.31 OK
r-devel-linux-x86_64-fedora-clang 1.3.0 360.62 OK
r-devel-linux-x86_64-fedora-gcc 1.3.0 400.25 OK
r-devel-windows-x86_64 1.3.0 133.00 111.00 244.00 OK
r-patched-linux-x86_64 1.3.0 147.00 55.61 202.61 OK
r-release-linux-x86_64 1.3.0 147.60 55.25 202.85 OK
r-release-macos-arm64 1.3.0 223.00 NOTE
r-release-macos-x86_64 1.3.0 233.00 NOTE
r-release-windows-x86_64 1.3.0 139.00 106.00 245.00 OK
r-oldrel-macos-arm64 1.3.0 232.00 NOTE
r-oldrel-macos-x86_64 1.3.0 239.00 NOTE
r-oldrel-windows-x86_64 1.3.0 165.00 132.00 297.00 OK

Check Details

Version: 1.3.0
Check: installed package size
Result: NOTE installed size is 14.3Mb sub-directories of 1Mb or more: libs 14.1Mb Flavors: r-release-macos-arm64, r-release-macos-x86_64, r-oldrel-macos-arm64, r-oldrel-macos-x86_64