Last updated on 2024-12-19 23:50:40 CET.
Flavor | Version | Tinstall | Tcheck | Ttotal | Status | Flags |
---|---|---|---|---|---|---|
r-devel-linux-x86_64-debian-clang | 1.0.0 | 24.12 | 64.26 | 88.38 | OK | |
r-devel-linux-x86_64-debian-gcc | 1.0.0 | 16.98 | 49.65 | 66.63 | OK | |
r-devel-linux-x86_64-fedora-clang | 1.0.0 | 167.42 | OK | |||
r-devel-linux-x86_64-fedora-gcc | 1.0.0 | 186.20 | OK | |||
r-devel-windows-x86_64 | 1.0.0 | 30.00 | 133.00 | 163.00 | OK | |
r-patched-linux-x86_64 | 1.0.0 | 24.31 | 65.93 | 90.24 | NOTE | |
r-release-linux-x86_64 | 1.0.0 | 23.34 | 65.90 | 89.24 | NOTE | |
r-release-macos-arm64 | 1.0.0 | 59.00 | NOTE | |||
r-release-macos-x86_64 | 1.0.0 | 77.00 | NOTE | |||
r-release-windows-x86_64 | 1.0.0 | 30.00 | 133.00 | 163.00 | NOTE | |
r-oldrel-macos-arm64 | 1.0.0 | 66.00 | NOTE | |||
r-oldrel-macos-x86_64 | 1.0.0 | 146.00 | NOTE | |||
r-oldrel-windows-x86_64 | 1.0.0 | 36.00 | 136.00 | 172.00 | NOTE |
Version: 1.0.0
Check: LazyData
Result: NOTE
'LazyData' is specified without a 'data' directory
Flavors: r-patched-linux-x86_64, r-release-linux-x86_64, r-release-macos-arm64, r-release-macos-x86_64, r-release-windows-x86_64, r-oldrel-macos-arm64, r-oldrel-macos-x86_64, r-oldrel-windows-x86_64
Version: 1.0.0
Check: for GNU extensions in Makefiles
Result: NOTE
GNU make is a SystemRequirements.
Flavors: r-patched-linux-x86_64, r-release-linux-x86_64, r-release-macos-arm64, r-release-macos-x86_64, r-release-windows-x86_64, r-oldrel-macos-arm64, r-oldrel-macos-x86_64, r-oldrel-windows-x86_64
Version: 1.0.0
Check: installed package size
Result: NOTE
installed size is 17.0Mb
sub-directories of 1Mb or more:
libs 15.9Mb
Flavors: r-release-macos-arm64, r-release-macos-x86_64, r-release-windows-x86_64, r-oldrel-macos-arm64, r-oldrel-macos-x86_64, r-oldrel-windows-x86_64