CRAN Package Check Results for Package onehot

Last updated on 2024-12-19 23:50:40 CET.

Flavor Version Tinstall Tcheck Ttotal Status Flags
r-devel-linux-x86_64-debian-clang 0.1.1 2.15 16.10 18.25 OK
r-devel-linux-x86_64-debian-gcc 0.1.1 1.75 13.02 14.77 OK
r-devel-linux-x86_64-fedora-clang 0.1.1 29.21 OK
r-devel-linux-x86_64-fedora-gcc 0.1.1 28.11 OK
r-devel-windows-x86_64 0.1.1 5.00 38.00 43.00 OK
r-patched-linux-x86_64 0.1.1 2.00 15.39 17.39 NOTE
r-release-linux-x86_64 0.1.1 2.06 15.55 17.61 NOTE
r-release-macos-arm64 0.1.1 14.00 NOTE
r-release-macos-x86_64 0.1.1 19.00 NOTE
r-release-windows-x86_64 0.1.1 5.00 36.00 41.00 NOTE
r-oldrel-macos-arm64 0.1.1 17.00 NOTE
r-oldrel-macos-x86_64 0.1.1 20.00 NOTE
r-oldrel-windows-x86_64 0.1.1 5.00 35.00 40.00 NOTE

Check Details

Version: 0.1.1
Check: LazyData
Result: NOTE 'LazyData' is specified without a 'data' directory Flavors: r-patched-linux-x86_64, r-release-linux-x86_64, r-release-macos-arm64, r-release-macos-x86_64, r-release-windows-x86_64, r-oldrel-macos-arm64, r-oldrel-macos-x86_64, r-oldrel-windows-x86_64