CRAN Package Check Results for Package openblender

Last updated on 2024-12-19 23:50:40 CET.

Flavor Version Tinstall Tcheck Ttotal Status Flags
r-devel-linux-x86_64-debian-clang 0.5.81 2.05 20.61 22.66 OK
r-devel-linux-x86_64-debian-gcc 0.5.81 1.71 16.59 18.30 OK
r-devel-linux-x86_64-fedora-clang 0.5.81 36.21 OK
r-devel-linux-x86_64-fedora-gcc 0.5.81 36.05 OK
r-devel-windows-x86_64 0.5.81 3.00 45.00 48.00 OK
r-patched-linux-x86_64 0.5.81 2.25 20.00 22.25 NOTE
r-release-linux-x86_64 0.5.81 1.96 19.76 21.72 NOTE
r-release-macos-arm64 0.5.81 16.00 NOTE
r-release-macos-x86_64 0.5.81 27.00 NOTE
r-release-windows-x86_64 0.5.81 5.00 51.00 56.00 NOTE
r-oldrel-macos-arm64 0.5.81 18.00 NOTE
r-oldrel-macos-x86_64 0.5.81 21.00 NOTE
r-oldrel-windows-x86_64 0.5.81 4.00 43.00 47.00 NOTE

Check Details

Version: 0.5.81
Check: LazyData
Result: NOTE 'LazyData' is specified without a 'data' directory Flavors: r-patched-linux-x86_64, r-release-linux-x86_64, r-release-macos-arm64, r-release-macos-x86_64, r-release-windows-x86_64, r-oldrel-macos-arm64, r-oldrel-macos-x86_64, r-oldrel-windows-x86_64