Last updated on 2024-12-19 23:50:40 CET.
Flavor | Version | Tinstall | Tcheck | Ttotal | Status | Flags |
---|---|---|---|---|---|---|
r-devel-linux-x86_64-debian-clang | 0.4.1 | 74.89 | 49.79 | 124.68 | OK | |
r-devel-linux-x86_64-debian-gcc | 0.4.1 | 52.59 | 31.33 | 83.92 | OK | |
r-devel-linux-x86_64-fedora-gcc | 0.4.1 | 252.19 | OK | |||
r-devel-windows-x86_64 | 0.4.1 | 92.00 | 174.00 | 266.00 | OK | |
r-patched-linux-x86_64 | 0.4.1 | 72.82 | 39.03 | 111.85 | OK | |
r-release-linux-x86_64 | 0.4.1 | 73.97 | 38.41 | 112.38 | OK | |
r-release-macos-arm64 | 0.4.1 | 54.00 | NOTE | |||
r-release-macos-x86_64 | 0.4.1 | 71.00 | NOTE | |||
r-release-windows-x86_64 | 0.4.1 | 91.00 | 178.00 | 269.00 | NOTE | |
r-oldrel-macos-arm64 | 0.4.1 | 53.00 | NOTE | |||
r-oldrel-macos-x86_64 | 0.4.1 | 78.00 | NOTE | |||
r-oldrel-windows-x86_64 | 0.4.1 | 100.00 | 213.00 | 313.00 | NOTE |
Version: 0.4.1
Check: installed package size
Result: NOTE
installed size is 31.3Mb
sub-directories of 1Mb or more:
libs 21.0Mb
share 10.2Mb
Flavors: r-release-macos-arm64, r-release-macos-x86_64, r-release-windows-x86_64, r-oldrel-macos-arm64, r-oldrel-macos-x86_64, r-oldrel-windows-x86_64