CRAN Package Check Results for Package oshka

Last updated on 2024-12-19 23:50:40 CET.

Flavor Version Tinstall Tcheck Ttotal Status Flags
r-devel-linux-x86_64-debian-clang 0.1.2 1.68 29.56 31.24 OK
r-devel-linux-x86_64-debian-gcc 0.1.2 1.27 23.49 24.76 OK
r-devel-linux-x86_64-fedora-clang 0.1.2 51.76 OK
r-devel-linux-x86_64-fedora-gcc 0.1.2 62.45 OK
r-devel-windows-x86_64 0.1.2 2.00 55.00 57.00 OK
r-patched-linux-x86_64 0.1.2 1.68 27.90 29.58 NOTE
r-release-linux-x86_64 0.1.2 1.51 27.77 29.28 NOTE
r-release-macos-arm64 0.1.2 24.00 NOTE
r-release-macos-x86_64 0.1.2 35.00 NOTE
r-release-windows-x86_64 0.1.2 5.00 52.00 57.00 NOTE
r-oldrel-macos-arm64 0.1.2 26.00 NOTE
r-oldrel-macos-x86_64 0.1.2 38.00 NOTE
r-oldrel-windows-x86_64 0.1.2 3.00 55.00 58.00 NOTE

Check Details

Version: 0.1.2
Check: LazyData
Result: NOTE 'LazyData' is specified without a 'data' directory Flavors: r-patched-linux-x86_64, r-release-linux-x86_64, r-release-macos-arm64, r-release-macos-x86_64, r-release-windows-x86_64, r-oldrel-macos-arm64, r-oldrel-macos-x86_64, r-oldrel-windows-x86_64