CRAN Package Check Results for Package outbreaker2

Last updated on 2024-12-19 23:50:40 CET.

Flavor Version Tinstall Tcheck Ttotal Status Flags
r-devel-linux-x86_64-debian-clang 1.1.3 28.93 188.56 217.49 NOTE
r-devel-linux-x86_64-debian-gcc 1.1.3 24.92 123.89 148.81 NOTE
r-devel-linux-x86_64-fedora-clang 1.1.3 376.75 NOTE
r-devel-linux-x86_64-fedora-gcc 1.1.3 395.82 NOTE
r-devel-windows-x86_64 1.1.3 35.00 199.00 234.00 NOTE
r-patched-linux-x86_64 1.1.3 33.38 180.85 214.23 NOTE
r-release-linux-x86_64 1.1.3 32.75 182.05 214.80 NOTE
r-release-macos-arm64 1.1.3 139.00 NOTE
r-release-macos-x86_64 1.1.3 198.00 NOTE
r-release-windows-x86_64 1.1.3 35.00 198.00 233.00 NOTE
r-oldrel-macos-arm64 1.1.3 124.00 NOTE
r-oldrel-macos-x86_64 1.1.3 243.00 NOTE
r-oldrel-windows-x86_64 1.1.3 42.00 232.00 274.00 NOTE

Check Details

Version: 1.1.3
Check: C++ specification
Result: NOTE Specified C++11: please drop specification unless essential Flavors: r-devel-linux-x86_64-debian-clang, r-devel-linux-x86_64-debian-gcc, r-devel-linux-x86_64-fedora-clang, r-devel-linux-x86_64-fedora-gcc, r-devel-windows-x86_64, r-patched-linux-x86_64, r-release-linux-x86_64, r-release-macos-arm64, r-release-macos-x86_64, r-release-windows-x86_64, r-oldrel-macos-arm64, r-oldrel-macos-x86_64, r-oldrel-windows-x86_64